5). Suppose -3*r + h = 5. Suppose 0*q - r*q = -25. What is the greatest common divisor of 15 and q?
5
Let o(x) = x**3 - 2*x**2 - 4*x - 1. Let z(l) = -2*l - 5. Let n be z(-5). Let k be o(n). What is the highest common divisor of 18 and k?
18
Let p = 31 + 16. Calculate the highest common divisor of 517 and p.
47
Let q(z) = z**3 + 6*z**2 + 5*z + 1. Let u be q(-5). Suppose -24 = -4*r - 4*a, 3*r - r = -3*a + 10. What is the highest common divisor of r and u?
1
Let c be (-13)/(-26)*4/(-2). Let b(o) = -4*o**3 - 2*o**2 - 2*o - 1. Let z be b(c). Let y be (0 - -1 - -1) + 1. What is the highest common factor of y and z?
3
Let q(g) = 3*g**3 - 9*g**2 + 19*g + 6. Let m be q(4). Calculate the highest common factor of m and 52.
26
Let f = -320 + 168. Let z = -86 - f. Let t(c) = c**3 - 6*c**2 - c + 12. Let a be t(6). Calculate the highest common factor of a and z.
6
Let k be (-1)/(-3) - 12/9. Let m be 74*k/(-2) - -3. What is the highest common factor of 5 and m?
5
Suppose -2*k + 0*k = -4*u + 1236, 4*u - 4*k = 1240. Suppose -7*i + u = -3*i. What is the greatest common divisor of i and 7?
7
Let h(d) = -4*d**3 - 2*d**2 - 2*d - 1. Let a be h(-1). Suppose x - 55 - 14 = -a*c, 4*c - 3*x - 105 = 0. What is the highest common factor of 24 and c?
24
Suppose 3*a - 6*a = -114. Let l = a - 23. Let k be (-14 - 1)/((-4)/12). Calculate the greatest common factor of l and k.
15
Let b be 3 + (-1 - (-16 - -4)). Suppose 3*y + 0*y = 138. Suppose y - b = 2*h. Calculate the greatest common factor of h and 80.
16
Let j = 1 + 3. Suppose 0*d + j = 2*d. Suppose -5 - 39 = -d*n. Calculate the greatest common factor of 2 and n.
2
Let o = -34 + 82. Calculate the highest common divisor of 6 and o.
6
Suppose i - 56 - 67 = 0. Calculate the greatest common factor of 41 and i.
41
Let m be 1/((-4)/(-96))*6. Let u = -38 + 54. Calculate the greatest common divisor of u and m.
16
Suppose -35 = y + 5*d, 2*y = 5*d - 3*d - 10. Let r = y - -30. Let v(m) = m**3 - 6*m**2 + 8*m - 7. Let c be v(5). What is the greatest common divisor of r and c?
4
Let m(r) = 2*r + 45. Let s be m(-13). What is the greatest common divisor of s and 19?
19
Let r be (-4)/(-6) + (-86)/(-6). Suppose 4*j - j - r = 0. Suppose -30 = 2*c - j*c. What is the highest common factor of 70 and c?
10
Suppose 3*r - 30 = -2*s - 2*s, -r = -4*s - 10. Let n(w) = 4*w + 2. Let a be n(2). What is the greatest common divisor of r and a?
10
Let r(t) = -t**2 - 16*t + 7. Let n(j) = -15*j + 7. Let g(v) = 3*n(v) - 2*r(v). Let h be g(9). Calculate the highest common factor of 13 and h.
13
Let d(b) = -4*b - 2. Let x be 135/25 + 2/(-5). Suppose j - n = 0, 2 = x*j - 4*j - 2*n. Let g be d(j). What is the highest common divisor of 30 and g?
6
Let t(c) = -6*c - 3. Suppose -4 = 3*r + 2. Let b be t(r). What is the highest common factor of b and 1?
1
Let j be (-2)/(682/(-136) + 5). Calculate the greatest common divisor of j and 34.
34
Let l be (-1 - 0)*(-1 - 0). Let h(b) = 6*b. Let n be h(l). What is the highest common divisor of 42 and n?
6
Let z be (-1*(-100)/15)/(4/6). Calculate the greatest common factor of z and 10.
10
Suppose 0 = -4*b - 3*a - 0*a + 19, -25 = -4*b - a. What is the highest common divisor of 56 and b?
7
Suppose 3*o + 20 = -2*o, 0 = -4*v - o + 100. What is the highest common divisor of v and 65?
13
Suppose -3*h - 13 = -h - 5*c, 4*c = 3*h + 9. Let d be 16/2 - h/(-1). What is the highest common divisor of 6 and d?
3
Let u be (1/2 - -2)*2. Suppose 2*l - u*k = 65, 0 = 2*l - 3*l - k + 43. What is the highest common divisor of l and 5?
5
Suppose x + 4*z = 0, -2*z = 5*x - 5*z - 92. What is the greatest common factor of 2 and x?
2
Suppose 0 = d + 2*u - 5, 14 = -4*d - 4*u + 46. Let q(g) = 4*g + g - 1 - 2*g - 1. Let s be q(1). Calculate the greatest common divisor of d and s.
1
Suppose -2*o = 0, -5*o = -p - p. Suppose -4*r + 2*a + 2*a - 320 = p, 3*r - a = -238. Let z = 2 - r. What is the highest common divisor of 9 and z?
9
Let k be 2/((-5)/(5/(-2))). Let t be (4/10)/((-2)/(-40)). Calculate the greatest common divisor of k and t.
1
Let s be 50/(-4)*8/(-5). Suppose 32 = 3*b + 2*h - 4, -31 = -4*b + 3*h. What is the highest common factor of b and s?
10
Let g = 89 + 34. Suppose -3*w - 3 = -g. Calculate the greatest common divisor of w and 16.
8
Suppose 3*u - 8 = 5*a, 5*u + 3*a = u - 28. Let x = -9 - u. Let s be (-52)/x - 4/10. What is the highest common divisor of 20 and s?
10
Let r = 8 + 5. Let k(c) = 9 + 36*c + 6*c - 3 - 2. Let j be k(3). Calculate the greatest common divisor of r and j.
13
Suppose 2*o = 5*v - o + 5, 13 = 4*v + o. Suppose 2*b + v = 16. What is the greatest common divisor of 35 and b?
7
Suppose 0 = -c + 18 - 6. Let k = 31 - c. Calculate the highest common factor of k and 76.
19
Let r(h) = 6*h**2 + 3*h. Let t be r(-4). What is the highest common divisor of 12 and t?
12
Suppose 0 = -p + 4*p - 15. Suppose 48 = 3*g - g. Suppose 0 = -2*z + p*z - g. Calculate the highest common divisor of 8 and z.
8
Let q(y) be the first derivative of -5*y**2 - 3*y + 2. Let l be q(-2). Let c = -23 - -108. Calculate the highest common factor of l and c.
17
Suppose -y = 2*y - 9. Suppose -4*h = -f + 18, 0 = 2*h - y*h - 5. Let m be (f + 1)/((-1)/3). Calculate the greatest common factor of 33 and m.
3
Suppose 12*o = 7*o + 25. Let l be 3 + -6 + 1 + 22. Calculate the greatest common factor of o and l.
5
Suppose -l - 8 = -5*l. Let s(p) = p + p + p**l + 2 - 10. Let b be s(8). Calculate the greatest common divisor of b and 8.
8
Let s = -37 + 97. Suppose 11 = 3*r - 7. Calculate the greatest common factor of s and r.
6
Let p be (-63)/(-2)*(-96)/(-28). Calculate the greatest common factor of 27 and p.
27
Let x be (1 - -11)*3/9. Calculate the greatest common factor of 8 and x.
4
Let k = -7 + 11. Suppose -2*l = l + f - 243, k*f + 324 = 4*l. Calculate the highest common factor of 9 and l.
9
Let k = 6 - 4. Let q be 2 - (-13)/(13/(-42)). Let v be ((-2)/5)/(4/q). What is the highest common factor of v and k?
2
Let t(r) = r**2 + 3*r. Suppose -2 = -3*g + 3*i + 31, -4*g + 2*i + 36 = 0. Let p be t(g). Suppose 5*l = 50 + p. Calculate the greatest common divisor of 3 and l.
3
Suppose -33 = -3*p + 3*c, -3*c = -p + 6*p - 15. Suppose -3*u + 20 = u. Suppose 2*z + 9 = d, -u*z - 2 - 16 = -2*d. What is the highest common divisor of d and p?
3
Suppose -5*t + 11 = -d, -4*t = d - 24 + 8. Suppose 0 = -d*b - 12, -2*n = b + 4 - 29. What is the greatest common divisor of 2 and n?
2
Let v = -2 + 16. Calculate the greatest common divisor of v and 28.
14
Let k = 0 - -4. Suppose -k*u + 21 = -u. Let z = u + -1. What is the highest common divisor of z and 2?
2
Suppose -2*z = -6*x + 2*x + 200, 3*x = 3*z + 153. Suppose -x = -5*m + 41. Calculate the greatest common factor of 2 and m.
2
Let y be (5 - 6)/(1/(-17)). Calculate the highest common factor of y and 136.
17
Let f(i) = -i - 9. Let x be f(-15). What is the greatest common factor of 30 and x?
6
Let n = 32 - 17. Let v = 176 + -56. What is the greatest common divisor of v and n?
15
Let d(i) = 4*i - 2. Let y = 8 + -6. Let r be d(y). Calculate the highest common factor of 30 and r.
6
Let n(m) = 9*m**2 - 4*m - m**3 - 15*m + 8 + 9*m. Let d be n(7). Calculate the highest common factor of 18 and d.
18
Let n = -118 - -262. What is the greatest common factor of 16 and n?
16
Let q = -18 + 38. Let i be (34/5)/(4/q). Let z be 2/(2 + -1) + i. Calculate the highest common factor of z and 12.
12
Let a be 3 + -2 - -2 - -1. Suppose a = 3*r + r. Calculate the highest common divisor of r and 2.
1
Let p be (-3)/((-6)/10)*1. Let y = -13 - -28. Calculate the greatest common factor of y and p.
5
Let w(l) = -l**3 - 4*l**2 + 4*l + 4. Let t be w(-5). Suppose c - 5 - t = 0. Let g = 7 - 5. Calculate the highest common divisor of g and c.
2
Let w(u) be the second derivative of u**5/20 + 7*u**4/12 + 2*u**3/3 + 7*u**2/2 + 5*u. Let a be w(-6). Calculate the highest common factor of 209 and a.
19
Let r = 20 - 3. What is the greatest common factor of r and 51?
17
Let k(m) be the third derivative of -m**4/8 + 2*m**2. Let d be k(-2). What is the highest common divisor of d and 3?
3
Let v(u) = 38*u + 2. Suppose -3*g + 15 - 3 = 0. Let x be v(g). Suppose -r - r + 2*n = -22, 4*r = -n + 59. What is the highest common divisor of r and x?
14
Let d(o) = -o**2 - 17*o - 25. Let u be d(-14). Calcula